actors of 187056541.
7, 911, 29333
List the prime factors of 585028737.
3, 83, 173, 503
What are the prime factors of 3314769254?
2, 73, 22703899
What are the prime factors of 2756330561?
53, 52006237
What are the prime factors of 3182401521?
3, 13, 83, 313, 349
What are the prime factors of 13175224?
2, 1646903
List the prime factors of 3417708852.
2, 3, 94936357
What are the prime factors of 140750101?
47, 137, 21859
List the prime factors of 117640746.
2, 3, 461, 14177
List the prime factors of 1485677859.
3, 29, 17076757
List the prime factors of 25810465.
5, 5162093
What are the prime factors of 879330726?
2, 3, 1091, 44777
List the prime factors of 321811832.
2, 173, 232523
What are the prime factors of 2971797990?
2, 3, 5, 7, 3727, 3797
List the prime factors of 846233553.
3, 11, 25643441
What are the prime factors of 105823035?
3, 5, 433, 5431
List the prime factors of 59380150.
2, 5, 17, 69859
List the prime factors of 472641114.
2, 3, 11, 7161229
List the prime factors of 84232207.
571, 147517
List the prime factors of 89235427.
71, 1256837
What are the prime factors of 665836336?
2, 11, 307, 12323
What are the prime factors of 658609150?
2, 5, 83, 151, 1051
What are the prime factors of 215937068?
2, 53984267
What are the prime factors of 124120089?
3, 37, 372733
List the prime factors of 219110729.
113, 1939033
What are the prime factors of 2533068168?
2, 3, 139, 759313
List the prime factors of 144135323.
47, 3066709
List the prime factors of 721280584.
2, 19, 4745267
What are the prime factors of 21972835?
5, 19, 231293
List the prime factors of 589157834.
2, 23, 59, 217081
What are the prime factors of 32832878?
2, 13, 101, 12503
List the prime factors of 107920721.
1021, 105701
List the prime factors of 3472131554.
2, 19, 91371883
What are the prime factors of 553882338?
2, 3, 17, 19, 95267
List the prime factors of 176523025.
5, 7, 97, 10399
What are the prime factors of 1658879404?
2, 7, 13, 4557361
List the prime factors of 17516472.
2, 3, 503, 1451
What are the prime factors of 129180442?
2, 29, 937, 2377
List the prime factors of 66363297.
3, 7, 11, 13, 41
What are the prime factors of 2319706117?
17, 136453301
List the prime factors of 57430785.
3, 5, 3828719
List the prime factors of 7795014955.
5, 7, 13, 19, 901679
What are the prime factors of 786406233?
3, 31, 8455981
What are the prime factors of 120589045?
5, 53, 455053
List the prime factors of 114690744.
2, 3, 7, 227561
What are the prime factors of 10558938?
2, 3, 13, 17, 7963
List the prime factors of 817555909.
67, 1109, 11003
What are the prime factors of 26322320?
2, 5, 151, 2179
List the prime factors of 614277099.
3, 17, 1217, 3299
What are the prime factors of 285589997?
7, 11, 3708961
List the prime factors of 786808433.
17, 409, 113161
What are the prime factors of 157183345?
5, 11, 89, 163, 197
List the prime factors of 342780209.
1667, 205627
What are the prime factors of 2691247008?
2, 3, 181, 154883
List the prime factors of 9353313.
3, 61, 631
What are the prime factors of 124100975?
5, 911, 5449
List the prime factors of 2948400598.
2, 11, 13, 563, 18311
What are the prime factors of 1545583865?
5, 7, 257, 171827
List the prime factors of 283928424.
2, 3, 13, 17, 199, 269
List the prime factors of 59972233.
4591, 13063
List the prime factors of 3773833.
7, 77017
List the prime factors of 23077378.
2, 59, 223, 877
What are the prime factors of 163237216?
2, 1783, 2861
List the prime factors of 36955843.
449, 82307
List the prime factors of 7858346860.
2, 5, 7, 13, 31, 4493
List the prime factors of 312065369.
7, 11, 578971
What are the prime factors of 395861830?
2, 5, 7, 13, 17, 25589
List the prime factors of 301526745.
3, 5, 13, 1546291
List the prime factors of 3574751.
59, 60589
List the prime factors of 30378937.
30378937
What are the prime factors of 43406378?
2, 269, 80681
List the prime factors of 50707365.
3, 5, 41, 2011
List the prime factors of 4812524644.
2, 223, 5395207
List the prime factors of 210579081.
3, 127, 439, 1259
List the prime factors of 376107318.
2, 3, 19, 1099729
List the prime factors of 313309522.
2, 156654761
What are the prime factors of 457995904?
2, 3578093
What are the prime factors of 1801028427?
3, 11, 241, 433, 523
What are the prime factors of 988345290?
2, 3, 5, 32944843
What are the prime factors of 429773356?
2, 107443339
List the prime factors of 91302359.
17, 1627, 3301
What are the prime factors of 2467840148?
2, 616960037
What are the prime factors of 1041607563?
3, 347202521
List the prime factors of 48562674.
2, 3, 8093779
What are the prime factors of 4755960?
2, 3, 5, 11, 1201
List the prime factors of 146485215.
3, 5, 3255227
List the prime factors of 689602773.
3, 17, 373, 36251
List the prime factors of 1895450256.
2, 3, 7, 73, 25759
List the prime factors of 177211808.
2, 17, 29, 47, 239
List the prime factors of 94755048.
2, 3, 523, 7549
What are the prime factors of 142270680?
2, 3, 5, 1185589
List the prime factors of 71568078.
2, 3, 83, 143711
What are the prime factors of 368107762?
2, 11, 16732171
List the prime factors of 57141771.
3, 19047257
What are the prime factors of 2426236729?
7, 491, 727, 971
What are the prime factors of 981409267?
389, 967, 2609
What are the prime factors of 1081648284?
2, 3, 2099, 42943
List the prime factors of 869676715.
5, 167, 1041529
What are the prime factors of 4208357823?
3, 19, 29, 2545891
List the prime factors of 646715577.
3, 149, 1446791
What are the prime factors of 1548413185?
5, 11, 37, 760891
List the prime factors of 330443558.
2, 47, 149, 23593
What are the prime factors of 65611199?
19, 359, 9619
What are the prime factors of 743605945?
5, 19, 7827431
What are the prime factors of 579768605?
5, 13, 71, 125627
List the prime factors of 131902652.
2, 7, 4710809
List the prime factors of 4697587774.
2, 11, 1289, 165653
What are the prime factors of 434629764?
2, 3, 12073049
List the prime factors of 245969407.
31, 59, 181, 743
List the prime factors of 28286382.
2, 3, 4714397
What are the prime factors of 111332925?
3, 5, 11, 44983
What are the prime factors of 106690263?
3, 19, 89, 21031
List the prime factors of 75713932.
2, 7, 61, 97, 457
What are the prime factors of 335612499?
3, 111870833
List the prime factors of 214808180.
2, 5, 509, 21101
What are the prime factors of 21553268?
2, 11, 489847
List the prime factors of 1678464622.
2, 109, 7699379
What are the prime factors of 19797869?
7, 13, 217559
List the prime factors of 46923847.
97, 483751
List the prime factors of 106176076.
2, 29, 915311
What are the prime factors of 7324756581?
3, 1973, 1237499
List the prime factors of 309793475.
5, 12391739
What are the prime factors of 282268312?
2, 35283539
What are the prime factors of 462131275?
5, 18485251
List the prime factors of 47445113.
17, 23, 121343
List the prime factors of 1062115476.
2, 3, 83, 113, 9437
List the prime factors of 72422649.
3, 13, 618997
List the prime factors of 68287471.
7, 587, 16619
List the prime factors of 1029613763.
37, 27827399
What are the prime factors of 500330035?
5, 100066007
List the prime factors of 1605408219.
3, 179, 996529
What are the prime factors of 137159040?
2, 3, 5, 71437
List the prime factors of 158317643.
11, 479, 30047
What are the prime factors of 1050108226?
2, 19, 97, 431, 661
List the prime factors of 16039688.
2, 7, 43, 6661
List the prime factors of 830185826.
2, 173, 2399381
List the prime factors of 1031184905.
5, 206236981
List the prime factors of 1211983588.
2, 3019, 100363
What are the prime factors of 785768633?
13, 61, 990881
List the prime factors of 71211975.
3, 5, 431, 2203
List the prime factors of 1231686.
2, 3, 7603
What are the prime factors of 30173218?
2, 53, 281, 1013
List the prime factors of 42127218.
2, 3, 7, 19, 17597
List the prime factors of 236419578.
2, 3, 17, 31, 24923
What are the prime factors of 35677620?
2, 3, 5, 11, 37, 487
What are the prime factors of 261687225?
3, 5, 107, 32609
List the prime factors of 598930593.
3, 593, 336667
List the prime factors of 120280275.
3, 5, 73, 2441
List the prime factors of 245253674.
2, 239, 513083
What are the prime factors of 658262261?
658262261
What are the prime factors of 1025554246?
2, 71, 1129, 6397